{"id":13,"date":"2015-06-30T15:39:07","date_gmt":"2015-06-30T15:39:07","guid":{"rendered":"http:\/\/www.sutel.com.uy\/?page_id=13"},"modified":"2023-09-25T17:10:28","modified_gmt":"2023-09-25T20:10:28","slug":"comisiones","status":"publish","type":"page","link":"https:\/\/www.sutel.com.uy\/?page_id=13","title":{"rendered":"COMISIONES  DE  SUTEL"},"content":{"rendered":"<table class=\"wp-list-table widefat fixed striped sites\" style=\"height: 916px;\" width=\"493\">\n<thead><\/thead>\n<tbody id=\"the-list\">\n<tr>\n<th class=\"check-column\" scope=\"row\"><label class=\"screen-reader-text\" for=\"blog_22\"><\/label><label class=\"screen-reader-text\" for=\"blog_23\"><img loading=\"lazy\" decoding=\"async\" class=\"alignnone wp-image-12597\" src=\"https:\/\/www.sutel.com.uy\/wp-content\/uploads\/2020\/05\/bandera1-1024x768-1.jpg\" alt=\"\" width=\"239\" height=\"180\" srcset=\"https:\/\/www.sutel.com.uy\/wp-content\/uploads\/2020\/05\/bandera1-1024x768-1.jpg 1024w, https:\/\/www.sutel.com.uy\/wp-content\/uploads\/2020\/05\/bandera1-1024x768-1-300x225.jpg 300w, https:\/\/www.sutel.com.uy\/wp-content\/uploads\/2020\/05\/bandera1-1024x768-1-768x576.jpg 768w, https:\/\/www.sutel.com.uy\/wp-content\/uploads\/2020\/05\/bandera1-1024x768-1-600x450.jpg 600w, https:\/\/www.sutel.com.uy\/wp-content\/uploads\/2020\/05\/bandera1-1024x768-1-100x75.jpg 100w\" sizes=\"auto, (max-width: 239px) 100vw, 239px\" \/><\/label>\n<\/th>\n<td class=\"blogname column-blogname has-row-actions column-primary\" data-colname=\"URL\">\n<p style=\"text-align: center;\"><a href=\"mailto:organizacion@ sutel.org.uy\"><strong>Contacto de organizaci\u00f2n<\/strong><\/a><\/p>\n<div class=\"row-actions\" style=\"text-align: center;\"><strong>Comisi\u00f3n de Organizaci\u00f3n<\/strong><\/div>\n<\/td>\n<td class=\"lastupdated column-lastupdated\" data-colname=\"\u00daltima actualizaci\u00f3n\"><\/td>\n<td class=\"registered column-registered\" data-colname=\"Registrado\"><\/td>\n<td class=\"users column-users\" data-colname=\"Usuarios\"><\/td>\n<\/tr>\n<tr>\n<th class=\"check-column\" scope=\"row\"><label class=\"screen-reader-text\" for=\"blog_23\"><img loading=\"lazy\" decoding=\"async\" class=\"alignnone wp-image-12597\" src=\"https:\/\/www.sutel.com.uy\/wp-content\/uploads\/2020\/05\/bandera1-1024x768-1.jpg\" alt=\"\" width=\"239\" height=\"180\" srcset=\"https:\/\/www.sutel.com.uy\/wp-content\/uploads\/2020\/05\/bandera1-1024x768-1.jpg 1024w, https:\/\/www.sutel.com.uy\/wp-content\/uploads\/2020\/05\/bandera1-1024x768-1-300x225.jpg 300w, https:\/\/www.sutel.com.uy\/wp-content\/uploads\/2020\/05\/bandera1-1024x768-1-768x576.jpg 768w, https:\/\/www.sutel.com.uy\/wp-content\/uploads\/2020\/05\/bandera1-1024x768-1-600x450.jpg 600w, https:\/\/www.sutel.com.uy\/wp-content\/uploads\/2020\/05\/bandera1-1024x768-1-100x75.jpg 100w\" sizes=\"auto, (max-width: 239px) 100vw, 239px\" \/><\/label><\/th>\n<td class=\"blogname column-blogname has-row-actions column-primary\" data-colname=\"URL\">\n<p style=\"text-align: center;\"><a href=\"mailto:ventas@sutel.org.uy\"><strong>Contacto de Ventas<\/strong><\/a><\/p>\n<div class=\"row-actions\" style=\"text-align: center;\"><strong>Comisi\u00f3n de Ventas<\/strong><\/div>\n<\/td>\n<td class=\"lastupdated column-lastupdated\" data-colname=\"\u00daltima actualizaci\u00f3n\"><\/td>\n<td class=\"registered column-registered\" data-colname=\"Registrado\"><\/td>\n<td class=\"users column-users\" data-colname=\"Usuarios\"><\/td>\n<\/tr>\n<tr>\n<th class=\"check-column\" scope=\"row\"><label class=\"screen-reader-text\" for=\"blog_23\"><img loading=\"lazy\" decoding=\"async\" class=\"alignnone wp-image-12597\" src=\"https:\/\/www.sutel.com.uy\/wp-content\/uploads\/2020\/05\/bandera1-1024x768-1.jpg\" alt=\"\" width=\"239\" height=\"180\" srcset=\"https:\/\/www.sutel.com.uy\/wp-content\/uploads\/2020\/05\/bandera1-1024x768-1.jpg 1024w, https:\/\/www.sutel.com.uy\/wp-content\/uploads\/2020\/05\/bandera1-1024x768-1-300x225.jpg 300w, https:\/\/www.sutel.com.uy\/wp-content\/uploads\/2020\/05\/bandera1-1024x768-1-768x576.jpg 768w, https:\/\/www.sutel.com.uy\/wp-content\/uploads\/2020\/05\/bandera1-1024x768-1-600x450.jpg 600w, https:\/\/www.sutel.com.uy\/wp-content\/uploads\/2020\/05\/bandera1-1024x768-1-100x75.jpg 100w\" sizes=\"auto, (max-width: 239px) 100vw, 239px\" \/><\/label><\/th>\n<td class=\"blogname column-blogname has-row-actions column-primary\" data-colname=\"URL\">\n<p style=\"text-align: center;\"><a href=\"mailto:propaganda@sutel.org.uy\"><strong>Contacto con propaganda<\/strong><\/a><\/p>\n<div class=\"row-actions\" style=\"text-align: center;\"><strong>Comisi\u00f3n de Propaganda<\/strong><\/div>\n<\/td>\n<td class=\"lastupdated column-lastupdated\" data-colname=\"\u00daltima actualizaci\u00f3n\"><\/td>\n<td class=\"registered column-registered\" data-colname=\"Registrado\"><\/td>\n<td class=\"users column-users\" data-colname=\"Usuarios\"><\/td>\n<\/tr>\n<tr>\n<th class=\"check-column\" scope=\"row\"><label class=\"screen-reader-text\" for=\"blog_20\"><\/label><label class=\"screen-reader-text\" for=\"blog_23\"><img loading=\"lazy\" decoding=\"async\" class=\"alignnone wp-image-12597\" src=\"https:\/\/www.sutel.com.uy\/wp-content\/uploads\/2020\/05\/bandera1-1024x768-1.jpg\" alt=\"\" width=\"239\" height=\"180\" srcset=\"https:\/\/www.sutel.com.uy\/wp-content\/uploads\/2020\/05\/bandera1-1024x768-1.jpg 1024w, https:\/\/www.sutel.com.uy\/wp-content\/uploads\/2020\/05\/bandera1-1024x768-1-300x225.jpg 300w, https:\/\/www.sutel.com.uy\/wp-content\/uploads\/2020\/05\/bandera1-1024x768-1-768x576.jpg 768w, https:\/\/www.sutel.com.uy\/wp-content\/uploads\/2020\/05\/bandera1-1024x768-1-600x450.jpg 600w, https:\/\/www.sutel.com.uy\/wp-content\/uploads\/2020\/05\/bandera1-1024x768-1-100x75.jpg 100w\" sizes=\"auto, (max-width: 239px) 100vw, 239px\" \/><\/label><\/th>\n<td class=\"blogname column-blogname has-row-actions column-primary\" data-colname=\"URL\">\n<p style=\"text-align: center;\"><a href=\"mailto:formacion@sutel.org.uy\"><strong>Contacto con formacion sindical<\/strong><\/a><\/p>\n<div class=\"row-actions\" style=\"text-align: center;\"><strong>Comisi\u00f3n de Formaci\u00f3n Sindical<\/strong><\/div>\n<\/td>\n<td class=\"lastupdated column-lastupdated\" data-colname=\"\u00daltima actualizaci\u00f3n\"><\/td>\n<td class=\"registered column-registered\" data-colname=\"Registrado\"><\/td>\n<td class=\"users column-users\" data-colname=\"Usuarios\"><\/td>\n<\/tr>\n<tr>\n<th class=\"check-column\" style=\"text-align: center;\" scope=\"row\"><label class=\"screen-reader-text\" for=\"blog_27\"><\/label><label class=\"screen-reader-text\" for=\"blog_23\"><img loading=\"lazy\" decoding=\"async\" class=\"alignnone wp-image-12597\" src=\"https:\/\/www.sutel.com.uy\/wp-content\/uploads\/2020\/05\/bandera1-1024x768-1.jpg\" alt=\"\" width=\"239\" height=\"180\" srcset=\"https:\/\/www.sutel.com.uy\/wp-content\/uploads\/2020\/05\/bandera1-1024x768-1.jpg 1024w, https:\/\/www.sutel.com.uy\/wp-content\/uploads\/2020\/05\/bandera1-1024x768-1-300x225.jpg 300w, https:\/\/www.sutel.com.uy\/wp-content\/uploads\/2020\/05\/bandera1-1024x768-1-768x576.jpg 768w, https:\/\/www.sutel.com.uy\/wp-content\/uploads\/2020\/05\/bandera1-1024x768-1-600x450.jpg 600w, https:\/\/www.sutel.com.uy\/wp-content\/uploads\/2020\/05\/bandera1-1024x768-1-100x75.jpg 100w\" sizes=\"auto, (max-width: 239px) 100vw, 239px\" \/><\/label><\/th>\n<td class=\"blogname column-blogname has-row-actions column-primary\" data-colname=\"URL\">\n<p style=\"text-align: center;\"><a href=\"mailto:genero@sutel.org.uy\"><strong>Contacto con comision de genero<\/strong><\/a><\/p>\n<div class=\"row-actions\" style=\"text-align: center;\"><strong>Comisi\u00f3n de Genero<\/strong><\/div>\n<\/td>\n<td class=\"lastupdated column-lastupdated\" data-colname=\"\u00daltima actualizaci\u00f3n\"><\/td>\n<td class=\"registered column-registered\" data-colname=\"Registrado\"><\/td>\n<td class=\"users column-users\" data-colname=\"Usuarios\"><\/td>\n<\/tr>\n<tr>\n<th class=\"check-column\" scope=\"row\"><label class=\"screen-reader-text\" for=\"blog_23\"><img loading=\"lazy\" decoding=\"async\" class=\"alignnone wp-image-12597\" src=\"https:\/\/www.sutel.com.uy\/wp-content\/uploads\/2020\/05\/bandera1-1024x768-1.jpg\" alt=\"\" width=\"239\" height=\"180\" srcset=\"https:\/\/www.sutel.com.uy\/wp-content\/uploads\/2020\/05\/bandera1-1024x768-1.jpg 1024w, https:\/\/www.sutel.com.uy\/wp-content\/uploads\/2020\/05\/bandera1-1024x768-1-300x225.jpg 300w, https:\/\/www.sutel.com.uy\/wp-content\/uploads\/2020\/05\/bandera1-1024x768-1-768x576.jpg 768w, https:\/\/www.sutel.com.uy\/wp-content\/uploads\/2020\/05\/bandera1-1024x768-1-600x450.jpg 600w, https:\/\/www.sutel.com.uy\/wp-content\/uploads\/2020\/05\/bandera1-1024x768-1-100x75.jpg 100w\" sizes=\"auto, (max-width: 239px) 100vw, 239px\" \/><\/label><\/th>\n<td class=\"blogname column-blogname has-row-actions column-primary\" data-colname=\"URL\">\n<p style=\"text-align: center;\"><a href=\"mailto:seguridad@sutel.org.uy\"><strong>Contacto con seguridad laboral y Salud<\/strong><\/a><\/p>\n<div class=\"row-actions\" style=\"text-align: center;\"><strong>Comisi\u00f3n de Seguridad<\/strong><\/div>\n<\/td>\n<td class=\"lastupdated column-lastupdated\" data-colname=\"\u00daltima actualizaci\u00f3n\"><\/td>\n<td class=\"registered column-registered\" data-colname=\"Registrado\"><\/td>\n<td class=\"users column-users\" data-colname=\"Usuarios\"><\/td>\n<\/tr>\n<tr>\n<th class=\"check-column\" scope=\"row\"><label class=\"screen-reader-text\" for=\"blog_23\"><img loading=\"lazy\" decoding=\"async\" class=\"alignnone wp-image-12597\" src=\"https:\/\/www.sutel.com.uy\/wp-content\/uploads\/2020\/05\/bandera1-1024x768-1.jpg\" alt=\"\" width=\"239\" height=\"180\" srcset=\"https:\/\/www.sutel.com.uy\/wp-content\/uploads\/2020\/05\/bandera1-1024x768-1.jpg 1024w, https:\/\/www.sutel.com.uy\/wp-content\/uploads\/2020\/05\/bandera1-1024x768-1-300x225.jpg 300w, https:\/\/www.sutel.com.uy\/wp-content\/uploads\/2020\/05\/bandera1-1024x768-1-768x576.jpg 768w, https:\/\/www.sutel.com.uy\/wp-content\/uploads\/2020\/05\/bandera1-1024x768-1-600x450.jpg 600w, https:\/\/www.sutel.com.uy\/wp-content\/uploads\/2020\/05\/bandera1-1024x768-1-100x75.jpg 100w\" sizes=\"auto, (max-width: 239px) 100vw, 239px\" \/><\/label><\/th>\n<td class=\"blogname column-blogname has-row-actions column-primary\" data-colname=\"URL\">\n<p style=\"text-align: center;\"><a href=\"mailto:cass@sutel.org.uy\"><strong>Contacto a CASS<\/strong><\/a><\/p>\n<p style=\"text-align: center;\"><strong>Comisi\u00f2n de Asuntos Sociales de Sutel<\/strong><\/p>\n<div class=\"row-actions\"><\/div>\n<\/td>\n<td class=\"lastupdated column-lastupdated\" data-colname=\"\u00daltima actualizaci\u00f3n\"><\/td>\n<td class=\"registered column-registered\" data-colname=\"Registrado\"><\/td>\n<td class=\"users column-users\" data-colname=\"Usuarios\"><\/td>\n<\/tr>\n<tr>\n<th class=\"check-column\" scope=\"row\"><label class=\"screen-reader-text\" for=\"blog_23\"><img loading=\"lazy\" decoding=\"async\" class=\"alignnone wp-image-12597\" src=\"https:\/\/www.sutel.com.uy\/wp-content\/uploads\/2020\/05\/bandera1-1024x768-1.jpg\" alt=\"\" width=\"239\" height=\"180\" srcset=\"https:\/\/www.sutel.com.uy\/wp-content\/uploads\/2020\/05\/bandera1-1024x768-1.jpg 1024w, https:\/\/www.sutel.com.uy\/wp-content\/uploads\/2020\/05\/bandera1-1024x768-1-300x225.jpg 300w, https:\/\/www.sutel.com.uy\/wp-content\/uploads\/2020\/05\/bandera1-1024x768-1-768x576.jpg 768w, https:\/\/www.sutel.com.uy\/wp-content\/uploads\/2020\/05\/bandera1-1024x768-1-600x450.jpg 600w, https:\/\/www.sutel.com.uy\/wp-content\/uploads\/2020\/05\/bandera1-1024x768-1-100x75.jpg 100w\" sizes=\"auto, (max-width: 239px) 100vw, 239px\" \/><\/label><\/th>\n<td class=\"blogname column-blogname has-row-actions column-primary\" data-colname=\"URL\">\n<p style=\"text-align: center;\"><a href=\"mailto:fiscal@sutel.org.uy\"><strong>Contacto con fiscal<\/strong><\/a><\/p>\n<div class=\"row-actions\" style=\"text-align: center;\"><strong>Comisi\u00f3n Fiscal<\/strong><\/div>\n<\/td>\n<td class=\"lastupdated column-lastupdated\" data-colname=\"\u00daltima actualizaci\u00f3n\"><\/td>\n<td class=\"registered column-registered\" data-colname=\"Registrado\"><\/td>\n<td class=\"users column-users\" data-colname=\"Usuarios\"><\/td>\n<\/tr>\n<tr>\n<th class=\"check-column\" scope=\"row\"><label class=\"screen-reader-text\" for=\"blog_29\"><\/label><label class=\"screen-reader-text\" for=\"blog_23\"><img loading=\"lazy\" decoding=\"async\" class=\"alignnone wp-image-12597\" src=\"https:\/\/www.sutel.com.uy\/wp-content\/uploads\/2020\/05\/bandera1-1024x768-1.jpg\" alt=\"\" width=\"239\" height=\"180\" srcset=\"https:\/\/www.sutel.com.uy\/wp-content\/uploads\/2020\/05\/bandera1-1024x768-1.jpg 1024w, https:\/\/www.sutel.com.uy\/wp-content\/uploads\/2020\/05\/bandera1-1024x768-1-300x225.jpg 300w, https:\/\/www.sutel.com.uy\/wp-content\/uploads\/2020\/05\/bandera1-1024x768-1-768x576.jpg 768w, https:\/\/www.sutel.com.uy\/wp-content\/uploads\/2020\/05\/bandera1-1024x768-1-600x450.jpg 600w, https:\/\/www.sutel.com.uy\/wp-content\/uploads\/2020\/05\/bandera1-1024x768-1-100x75.jpg 100w\" sizes=\"auto, (max-width: 239px) 100vw, 239px\" \/><\/label><\/th>\n<td class=\"blogname column-blogname has-row-actions column-primary\" data-colname=\"URL\">\n<p style=\"text-align: center;\"><a href=\"mailto:redes@sutel.org.uy\"><strong>Contacto de redes<\/strong><\/a><\/p>\n<div class=\"row-actions\" style=\"text-align: center;\"><strong><label class=\"screen-reader-text\" for=\"blog_29\">Comisi\u00f3n de Redes<\/label><\/strong><\/div>\n<\/td>\n<td class=\"lastupdated column-lastupdated\" data-colname=\"\u00daltima actualizaci\u00f3n\"><\/td>\n<td class=\"registered column-registered\" data-colname=\"Registrado\"><\/td>\n<td class=\"users column-users\" data-colname=\"Usuarios\"><\/td>\n<\/tr>\n<\/tbody>\n<\/table>\n","protected":false},"excerpt":{"rendered":"<p>Contacto de organizaci\u00f2n Comisi\u00f3n de Organizaci\u00f3n Contacto de Ventas Comisi\u00f3n de Ventas Contacto con propaganda Comisi\u00f3n de Propaganda Contacto con formacion sindical Comisi\u00f3n de Formaci\u00f3n Sindical Contacto con comision de &#8230;<\/p>\n","protected":false},"author":1,"featured_media":0,"parent":0,"menu_order":6,"comment_status":"open","ping_status":"open","template":"","meta":{"pagelayer_contact_templates":[],"_pagelayer_content":"","footnotes":""},"class_list":["post-13","page","type-page","status-publish","hentry"],"_links":{"self":[{"href":"https:\/\/www.sutel.com.uy\/index.php?rest_route=\/wp\/v2\/pages\/13","targetHints":{"allow":["GET"]}}],"collection":[{"href":"https:\/\/www.sutel.com.uy\/index.php?rest_route=\/wp\/v2\/pages"}],"about":[{"href":"https:\/\/www.sutel.com.uy\/index.php?rest_route=\/wp\/v2\/types\/page"}],"author":[{"embeddable":true,"href":"https:\/\/www.sutel.com.uy\/index.php?rest_route=\/wp\/v2\/users\/1"}],"replies":[{"embeddable":true,"href":"https:\/\/www.sutel.com.uy\/index.php?rest_route=%2Fwp%2Fv2%2Fcomments&post=13"}],"version-history":[{"count":10,"href":"https:\/\/www.sutel.com.uy\/index.php?rest_route=\/wp\/v2\/pages\/13\/revisions"}],"predecessor-version":[{"id":13648,"href":"https:\/\/www.sutel.com.uy\/index.php?rest_route=\/wp\/v2\/pages\/13\/revisions\/13648"}],"wp:attachment":[{"href":"https:\/\/www.sutel.com.uy\/index.php?rest_route=%2Fwp%2Fv2%2Fmedia&parent=13"}],"curies":[{"name":"wp","href":"https:\/\/api.w.org\/{rel}","templated":true}]}}